6*g**2 + 20*g - 35. Determine u(2).
29
Let i(s) = -18*s - 2. Determine i(8).
-146
Let n(u) = 379*u + 7921. Determine n(-21).
-38
Let h(b) = 7*b**2 + 286*b + 1257. Calculate h(-5).
2
Let i(g) = 14*g**2 + 100*g + 45. What is i(-9)?
279
Let t(k) = -499*k - 3479. Determine t(-7).
14
Let c(t) = t**2 - 25*t + 50. Calculate c(22).
-16
Let r(p) = -10*p - 621. Determine r(-60).
-21
Let u(w) = w**3 - 22*w**2 - 2*w + 27. Determine u(22).
-17
Let w(m) = m**2 + 160*m + 5904. Calculate w(-102).
-12
Let i(h) = 383*h + 15700. What is i(-41)?
-3
Let o(q) = q**3 - 57*q**2 + 58*q - 107. Give o(56).
5
Let w(j) = -8*j - 119. Calculate w(-14).
-7
Let r(g) = 19*g - 49. Give r(2).
-11
Let t(u) = 238*u**3 + u**2. Give t(-1).
-237
Let y(t) = -1614*t**2 - 3231*t + 3. Give y(-2).
9
Let a(c) = -18*c + 203. Calculate a(13).
-31
Let u(d) = -1435*d + 8637. Give u(6).
27
Let d(r) = -5*r - 179. Determine d(-32).
-19
Let b(q) = -2*q**2 - 1445*q - 8592. What is b(-6)?
6
Let p(o) = o**3 + 8*o**2 - 21*o - 129. Calculate p(-12).
-453
Let u(y) = -2159*y - 25912. Give u(-12).
-4
Let r(d) = -2*d**2 - 12*d + 17. Give r(11).
-357
Let p(v) = -v**2 + 52*v - 517. Determine p(32).
123
Let x(t) = -t**3 - 8*t**2 + 15*t - 32. What is x(-6)?
-194
Let d(m) = m**3 - 36*m**2 + 52*m + 152. What is d(34)?
-392
Let w(b) = b**3 - 6*b**2 + 20*b - 27. Give w(2).
-3
Let v(u) = -4*u**3 - u**2 + 4*u + 7. What is v(-4)?
231
Let g(d) = -3*d**3 + d**2 + 222*d - 224. What is g(1)?
-4
Let b(y) = -7*y**2 + 452*y - 247. Calculate b(64).
9
Let y(i) = 183*i**2 + 929*i + 68. Calculate y(-5).
-2
Let z(v) = -2*v**2 - 128*v - 747. Give z(-49).
723
Let m(b) = b**2 - 14*b - 141. Calculate m(21).
6
Let l(n) = 27*n + 518. What is l(-40)?
-562
Let h(q) = 54*q - 23. Determine h(-3).
-185
Let i(b) = 2*b**3 + 51*b**2 + 22*b - 66. Determine i(-25).
9
Let z(h) = h**2 - 47*h + 197. What is z(37)?
-173
Let i(y) = 1124*y + 10117. What is i(-9)?
1
Let l(r) = 176*r**2 + 2817*r + 12. Calculate l(-16).
-4
Let s(d) = d**3 - 3*d**2 + 56*d - 236. Determine s(4).
4
Let k(h) = -6*h**3 - 48*h**2 + 619*h + 4952. Determine k(-8).
0
Let c(h) = 12*h**3 - 2*h**2 - 11*h - 8. What is c(-1)?
-11
Let b(c) = -71*c + 1404. Give b(19).
55
Let o(z) = -z**2 - 42*z - 174. What is o(-45)?
-309
Let x(b) = -28*b - 2505. What is x(-100)?
295
Let m(q) = -21*q + 392. Give m(14).
98
Let d(o) = 2*o**2 + 25*o - 106. What is d(-16)?
6
Let t(i) = -i**3 + 8*i**2 + 19*i - 236. Determine t(6).
-50
Let v(m) = -2*m**2 + 47*m + 175. Give v(26).
45
Let c(b) = 68*b**2 - 1905*b + 19. What is c(28)?
-9
Let a(k) = 7*k**3 - 112*k**2 - 221*k - 1. Calculate a(-2).
-63
Let p(j) = -1795*j + 5384. What is p(3)?
-1
Let k(d) = -29*d**2 + 2003*d - 121. Give k(69).
17
Let g(m) = -362*m**2 + 1. What is g(-1)?
-361
Let t(s) = -3*s**2 - 112*s - 116. Give t(-1).
-7
Let g(y) = 8*y**2 + 15*y + 15. Give g(-3).
42
Let w(m) = -3*m**2 - 69*m + 757. Determine w(9).
-107
Let i(q) = 4*q**2 + 518*q - 2575. Calculate i(5).
115
Let x(r) = r**3 - 109*r**2 - 2427*r - 638. Determine x(128).
2
Let o(x) = -7*x**2 + 58*x - 97. Determine o(4).
23
Let j(w) = -3*w**2 - 22*w + 138. Give j(5).
-47
Let q(u) = -153*u - 1032. Give q(-7).
39
Let o(j) = -49*j - 1092. Determine o(-16).
-308
Let s(g) = 5*g - 234. Give s(35).
-59
Let v(n) = -4*n**3 + 4*n**2 - 4*n + 17. Calculate v(3).
-67
Let q(d) = -d**3 - 66*d**2 - 130*d - 4168. Give q(-65).
57
Let y(j) = j**3 - 5*j**2 + 7084*j - 28326. Calculate y(4).
-6
Let h(o) = -3*o**2 - 20*o + 132. Give h(0).
132
Let x(z) = -6*z**2 - 110*z - 426. Give x(-11).
58
Let c(y) = -2*y**2 - 6542*y - 32695. Give c(-5).
-35
Let t(d) = -4*d**2 + 162*d - 56. Calculate t(41).
-138
Let g(x) = -151*x**2 - 11174*x + 5. Give g(-74).
5
Let r(k) = -186*k + 1855. Determine r(10).
-5
Let s(a) = 15*a**2 + 127*a - 7. Determine s(-9).
65
Let t(x) = 3179*x - 22251. Calculate t(7).
2
Let l(s) = s**3 + 63*s**2 + 53*s - 569. Determine l(-62).
-11
Let a(j) = 3*j**3 + 348*j**2 - 1442*j - 231. What is a(-120)?
9
Let b(p) = 8*p**2 - 37*p - 281. Give b(17).
1402
Let m(y) = -y**3 - 4*y**2 + 8*y + 40. Give m(-4).
8
Let c(m) = m**2 + 379*m - 20024. What is c(47)?
-2
Let p(g) = -56*g**2 - 560*g - 6. Give p(-10).
-6
Let f(l) = -119*l + 5352. Determine f(45).
-3
Let y(c) = 2*c**3 + 42*c**2 + 80*c + 73. Determine y(-19).
-3
Let t(f) = 2*f**2 + 30*f - 73. Calculate t(-17).
-5
Let k(g) = g**3 + 33*g**2 + 247*g - 285. Give k(-14).
-19
Let m(l) = -110*l + 2551. Determine m(23).
21
Let c(u) = -127*u + 892. Give c(7).
3
Let u(x) = x**2 - 95*x - 3366. What is u(-27)?
-72
Let l(j) = 11*j - 30. Give l(30).
300
Let g(a) = -109*a**2 + a - 1. What is g(1)?
-109
Let r(p) = 12*p - 513. Determine r(28).
-177
Let d(o) = 3*o**3 + o**2 + 4*o + 13. Calculate d(3).
115
Let s(u) = 2*u - 35. Give s(5).
-25
Let m(q) = q**3 - 24*q**2 - 39*q - 53. Give m(26).
285
Let m(k) = 2*k**2 - 209*k - 1485. Calculate m(-7).
76
Let g(h) = -h**2 - 37*h - 268. Determine g(-23).
54
Let z(a) = -146*a - 3. Calculate z(1).
-149
Let s(u) = 2*u**2 + 828*u + 3285. Determine s(-4).
5
Let t(l) = 18*l**2 - 29*l - 2. Determine t(2).
12
Let m(o) = -o**3 + 8*o**2 - 22*o + 45. Give m(6).
-15
Let b(x) = -1004*x - 89356. Give b(-89).
0
Let x(z) = 14*z**2 - 283*z + 14. Give x(21).
245
Let v(p) = 2692*p - 24212. Calculate v(9).
16
Let w(j) = 65*j + 1265. Give w(-21).
-100
Let v(m) = 441*m + 7053. Give v(-16).
-3
Let y(z) = 23*z + 529. Calculate y(-42).
-437
Let y(q) = -14*q + 519. What is y(35)?
29
Let z(j) = -5*j**3 + 251*j**2 - 295*j + 121. Determine z(49).
72
Let r(u) = 45*u**2 - 567*u + 7. Calculate r(12).
-317
Let d(r) = -2*r**3 - 18*r**2 - 8*r + 20. Determine d(-9).
92
Let t(r) = -2*r**3 - 14*r**2 - 19*r - 191. Determine t(-6).
-149
Let h(q) = -3*q**3 - 43*q**2 + 26*q - 78. Determine h(-14).
-638
Let q(l) = 598*l - 590. Calculate q(1).
8
Let u(c) = -20*c + 76. Give u(5).
-24
Let m(x) = 10*x - 326. Give m(48).
154
Let h(z) = 18*z + 618. Give h(-45).
-192
Let y(i) = 226*i**2 - 1358*i + 12. Calculate y(6).
0
Let j(u) = -u**2 - 62*u - 1043. Determine j(-33).
-86
Let x(r) = 11*r**3 - 2*r**2 + 4*r + 5. Determine x(-1).
-12
Let r(l) = -159*l**3 - l**2 + 3*l + 4. Give r(-1).
159
Let m(n) = -19*n - 380. Give m(4).
-456
Let w(x) = 3*x**3 + 5*x**2 + 11*x + 11. Calculate w(-4).
-145
Let n(r) = -r**3 + 8*r**2 + 19*r - 94. Give n(6).
92
Let q(v) = 6*v**2 - 135*v + 63. Give q(22).
-3
Let d(y) = -12*y**2 + 2424*y + 4886. What is d(204)?
-10
Let t(h) = -h**3 - h**2 + 9*h + 267. Calculate t(0).
267
Let x(i) = -i**3 + 2*i**2 + 6*i - 19. What is x(3)?
-10
Let p(g) = -995*g - 3968. Give p(-4).
12
Let a(w) = w**2 + 107*w - 456. Determine a(4).
-12
Let u(p) = p**3 + 43*p**2 + 468*p + 1. Calculate u(-20).
-159
Let q(i) = 4*i**3 - 463*i**2 - 121*i + 590. What is q(116)?
10
Let y(f) = 4*f**2 + 107*f - 843. Give y(-32).
-171
Let l(g) = g**2 - 24*g + 38. What is l(21)?
-25
Let z(d) = -d**3 - 9*d**2 - 12*d + 3. Calculate z(-4).
-29
Let b(q) = q**2 - 119*q - 2198. What is b(-16)?
-38
Let o(d) = -d + 87. Give o(58).
29
Let b(y) = 7*y**2 + 135*y + 436. What is b(-16)?
68
Let a(v) = -10*v + 151. What is a(5)?
101
Let j(b) = 348*b + 43495. Determine j(-125).
-5
Let b(a) = -8*a - 246. Determine b(-40).
74
Let k(m) = 2*m**3 - 5*m**2 + 64*m - 117. Give k(2).
7
Let h(w) = -2*w + 26. Determine h(23).
-20
Let u(n) = -19*n**3 + 166*n - 166. What is u(1)?
-19
Let y(h) = 61*h + 420. Determine y(-11).
-251
Let d(y) = y**3 - 4*y**2 - 25*y + 29. Give d(7).
1
Let g(p) = 11*p**2 + 180*p - 1501. What is g(8)?
643
Let h(t) = -t**3 - 10*t**2 - 23*t + 3. What is h(-6)?
-3
Let a(u) = -23*u - 77. Calculate a(2).
-123
Let s(b) = -144*b + 1428. Give s(10).
-12
Let n(m) = m**3 - 7*m**2 + 16*m - 42. Calculate n(4).
-26
Let z(q) = -35*q - 3077. What is z(-89)?
38
Let b(y) = -6*y**3 - y**2 + 72*y + 220. What is b(-3)?
157
Let q(j) = 4*j + 70. What is q(-34)?
-66
Let a(x) = 8*x**2 - 9*x - 60. Calculate a(-4).
104
Let p(t) = -397*t + 2280. Give p(6).
-102
Let t(r) = r**3 - 8*r**2 + 168*r - 456. Calculate t(3).
3
Let m(u) = 30*u - 358. Calculate m(12).
2
Let t(q) = -101*q + 3434. What is t(34)?
0
Let b(x) = -x**3 + 32*x**2 + 60*x - 127. Give b(34).
-399
Let z(u) = -52*u + 22. Give z(-4).
230
Let w(c) = 3*c**3 - 47*c**2 - 13*c + 12. Give w(16).
60
Let i(a) = -261*a - 534. Determine i(-2).
-12
Let i(r) = -3*r**2 + 102*r + 109. G